at is -11110011010001110100 (base 2) in base 7?
-11320104
Convert 21111001220 (base 3) to base 9.
244056
Convert 3dfe8b (base 16) to base 8.
17377213
-102210020000 (base 3) to base 10
-231984
What is -10010000111111101 (base 2) in base 8?
-220775
1063034 (base 8) to base 13
a12a9
What is -1011010010111101 (base 2) in base 5?
-2440034
-12322380 (base 9) to base 14
-b32581
What is 1001010101011111010000 (base 2) in base 3?
11121100002012
55301 (base 7) to base 12
8038
-7f867 (base 16) to base 9
-875461
31455121 (base 6) to base 3
1202000002211
155512 (base 9) to base 2
10111011010101011
What is -8513001 (base 9) in base 15?
-5eebb7
21135251 (base 6) to base 16
9736f
Convert -131130 (base 8) to base 10.
-45656
What is -336425 (base 8) in base 4?
-123310111
Convert 2367731 (base 10) to base 6.
122425415
Convert -36410332 (base 7) to base 15.
-441d17
1c327 (base 13) to base 16
d8a9
Convert 1244358 (base 12) to base 6.
204334152
Convert 100301331 (base 4) to base 10.
68733
Convert 1365220 (base 7) to base 9.
310731
What is 15535 (base 7) in base 14?
1855
Convert 6eaf (base 16) to base 5.
1401320
Convert -212120021022 (base 3) to base 16.
-713e1
Convert 440110330 (base 5) to base 7.
21653445
Convert -43133 (base 5) to base 8.
-5546
-3122112300 (base 4) to base 12
-371700
2122140111 (base 5) to base 16
44832f
What is -252564 (base 9) in base 16?
-254f8
-25c236 (base 15) to base 5
-431003001
What is -1104201122 (base 5) in base 2?
-1001001101000001110110
201353 (base 6) to base 13
731a
Convert -1078017 (base 9) to base 11.
-3691a7
2242002221 (base 5) to base 15
695c76
What is -7cac0 (base 13) in base 10?
-228137
-1430443042 (base 5) to base 14
-70032d
Convert 1231120 (base 6) to base 5.
4110420
Convert -3312554 (base 8) to base 15.
-128b80
-172414 (base 8) to base 14
-18c0c
-1a3d00 (base 14) to base 4
-3203232130
Convert -269993 (base 10) to base 8.
-1017251
Convert -1401311322 (base 5) to base 7.
-42046651
Convert 3251433 (base 7) to base 8.
1413431
What is 5506354 (base 7) in base 9?
1237241
1043784 (base 12) to base 11
1810505
Convert -348729 (base 10) to base 16.
-55239
What is 10001100101010000101000 (base 2) in base 3?
22200011110002
Convert 1925911 (base 10) to base 13.
5257c0
Convert 1423a0 (base 11) to base 4.
312120132
What is 72454 (base 9) in base 12?
2377a
What is 4040530 (base 6) in base 11?
121291
286137 (base 11) to base 6
13331105
What is 23b369 (base 14) in base 2?
100101010010010000001
Convert 13234233111 (base 5) to base 3.
1011110001002020
What is -3815180 (base 10) in base 3?
-21011211102222
What is 53c7d1 (base 15) in base 11?
2286571
Convert -3534707 (base 8) to base 9.
-1730732
Convert 110011101110000101 (base 2) to base 3.
101202121010
What is 310044003 (base 5) in base 2?
100110001111010001011
What is -9b694 (base 14) in base 11?
-238470
-1000010001000011 (base 2) to base 7
-200500
What is 102102111022 (base 3) in base 7?
1624442
What is -3361253 (base 7) in base 10?
-418253
What is 2320031231 (base 4) in base 6?
24101125
What is -2544255 (base 6) in base 15?
-2aed2
What is 101112100000012 (base 3) in base 6?
315541522
-3423111340 (base 5) to base 15
-a0a680
What is 364357 (base 8) in base 4?
132203233
What is -56019 (base 10) in base 6?
-1111203
-c2611 (base 13) to base 9
-580517
-110010101101101101001 (base 2) to base 13
-46251b
-10011110110000111011100 (base 2) to base 8
-23660734
Convert 1504a (base 14) to base 16.
cbea
Convert 146841 (base 11) to base 5.
24303424
What is -6650626 (base 7) in base 8?
-3077557
Convert -850a4a (base 14) to base 10.
-4496698
-61046 (base 8) to base 15
-76a1
What is -1202122012 (base 3) in base 13?
-12a64
What is -381a5 (base 11) in base 3?
-2210011220
Convert -2a7919 (base 13) to base 12.
-424992
Convert -c1914 (base 14) to base 12.
-1a5492
Convert -100111001111111000 (base 2) to base 7.
-1236455
5b9ba9 (base 13) to base 4
20113100113
What is -31326 (base 10) in base 11?
-21599
14d8e (base 16) to base 5
10213030
Convert 212fee (base 16) to base 10.
2174958
-100110011100111001010 (base 2) to base 5
-310304403
-136c6c (base 13) to base 6
-14042244
116204245 (base 7) to base 11
4156720
868a973 (base 11) to base 14
205702d
-22221002212201 (base 3) to base 8
-22064745
Convert 142336 (base 8) to base 10.
50398
31023133032 (base 4) to base 3
20111112021020
Convert 22776303 (base 8) to base 15.
6857dc
What is -5946c5 (base 14) in base 8?
-13477425
-12222342 (base 5) to base 4
-130213212
What is -333204401 (base 5) in base 8?
-5443410
What is -203321 (base 4) in base 7?
-6461
20500142 (base 7) to base 5
420344300
Convert 7b9c7 (base 16) to base 4.
1323213013
What is 12210122010 (base 3) in base 11?
78876
Convert 193cba (base 14) to base 11.
560a05
11274819 (base 10) to base 5
10341243234
Convert -dad1cd (base 14) to base 6.
-422510241
What is -1836 (base 11) in base 2?
-100100100010
-134286 (base 11) to base 6
-4303054
Convert 1361770 (base 8) to base 3.
201121112210
Convert -433103244 (base 5) to base 8.
-7030034
What is 88736 (base 11) in base 6?
2431354
What is 47b66 (base 12) in base 2?
10111100110111110
What is 81990 (base 11) in base 15?
256b7
58155 (base 10) to base 7
331356
40bb42 (base 12) to base 7
11431004
Convert 12411201231 (base 5) to base 10.
15334566
Convert 10c47 (base 16) to base 9.
114180
62585 (base 11) to base 7
526623
b40b46 (base 14) to base 8
27123212
What is -13578216 (base 9) in base 6?
-400043453
Convert 1513286 (base 9) to base 13.
2334a8
Convert -10000110111101010111100 (base 2) to base 14.
-8318cc
-7dc07 (base 15) to base 7
-3256654
123448 (base 9) to base 13
28022
Convert 30255251 (base 6) to base 7.
10223050
-1643c (base 15) to base 12
-356a0
-751777 (base 12) to base 2
-111000011010000001011
What is 1351a66 (base 12) in base 8?
16512656
What is 353601 (base 10) in base 2?
1010110010101000001
1c9966 (base 14) to base 6
33551022
Convert 112011000020 (base 3) to base 4.
1003333110
Convert -8870164 (base 9) to base 15.
-6434e1
-12001ef (base 16) to base 14
-2714847
136302 (base 7) to base 13
bc19
-1232144114 (base 5) to base 11
-1773632
What is 1845444 (base 12) in base 10?
5068852
What is 1685185 (base 10) in base 16?
19b6c1
Convert -3205846 (base 9) to base 10.
-1716756
Convert 169363b (base 13) to base 14.
d87531
What is 63153 (base 8) in base 16?
666b
1122012200100 (base 3) to base 9
1565610
What is -130032322 (base 4) in base 2?
-11100001110111010
119a232 (base 11) to base 3
10220120102210
Convert 1887c (base 13) to base 6.
1004200
What is -8520808 (base 10) in base 4?
-200200101220
What is -301302323010 (base 4) in base 12?
-4456230
-10211022222020 (base 3) to base 8
-7604341
What is 299293 (base 11) in base 2?
1110001110100010010
Convert 4b166a (base 12) to base 2.
100101011010101110010
What is -5c659 (base 13) in base 10?
-170257
2220102210002 (base 3) to base 4
11320322312
-2462423 (base 8) to base 12
-28a297
What is -3302011311 (base 4) in base 15?
-148c20
Convert 13303000 (base 4) to base 11.
21aa3
What is 230068 (base 10) in base 11?
147943
2676820 (base 9) to base 10
1468143
33352 (base 8) to base 6
145030
369b418 (base 12) to base 8
50516624
Convert -538752 (base 10) to base 16.
-83880
Convert -4940918 (base 10) to base 2.
-10010110110010001110110
What is 34020356 (base 7) in base 16?
2cf4a7
What is 42b2 (base 12) in base 11?
5568
What is 1832070 (base 9) in base 3?
1221002002100
-b92e52 (base 15) to base 11
-4a83705
-3101011404 (base 5) to base 15
-83bb04
200100033 (base 4) to base 15
29226
Convert 11110210211 (base 3) to base 7.
514522
-3121665 (base 8) to base 5
-203001331
What is -21212222100 (base 4) in base 12?
-a14b80
What is c69b0 (base 15) in base 11?
3a0313
Convert -1232213232 (base 4) to base 6.
-13413410
Convert -602611 (base 7) to base 9.
-164614
Convert 6b6 (base 14) to base 2.
10100111000
Convert 56c859 (base 13) to base 12.
831719
What is 1001112222111 (base 3) in base 2?
10001001001101111101
Convert -5dc2a (base 16) to base 2.
-1011101110000101010
Convert -862258 (base 16) to base 15.
-b89961
What is -191698 (base 10) in base 6?
-4035254
Convert 257b82 (base 14) to base 5.
312223311
What is 255424031 (base 6) in base 5?
2241324041
-42613260 (base 7) to base 16
-3772da
Convert -15423433 (base 7) to base 11.
-924831
What is -1001101001010